{"id":110,"date":"2020-04-18T12:50:45","date_gmt":"2020-04-18T12:50:45","guid":{"rendered":"https:\/\/www.vinsdeltros.com\/?product=import-placeholder-for-9"},"modified":"2024-12-02T01:04:01","modified_gmt":"2024-12-02T01:04:01","slug":"tremenda-2018","status":"publish","type":"product","link":"https:\/\/www.vinsdeltros.com\/en\/product\/tremenda-2018\/","title":{"rendered":"TREMENDA 2018"},"content":{"rendered":"<p><strong>Bottling date:<\/strong> 20\/06\/2020 (with waning moon)<\/p>\n<p><strong>Type of grape:<\/strong> Carignan 100%<\/p>\n<p><strong>Alcohol:<\/strong> 15.5% Vol.<\/p>\n<p><strong>Elaboration:<\/strong> Fermentation in 4,000 liter French oak vats.<\/p>\n<p><strong>Parenting:<\/strong> Aging in 225 liter French oak barrels for about 12 months.<\/p>\n<p><strong>Number of bottles produced:<\/strong> 2.000<\/p>\n<p><strong>Scores:<\/strong><\/p>\n<p>\u2013 92 points Parker (2014)<br \/>\n\u2013 Silver medal at the Decanter World Wine Awards 2016<br \/>\n\u2013 Catalonia wine guide 2020: 9.73 out of 10<br \/>\n\u2013 Catalonia wine guide 2022: 9.75 out of 10<\/p>\n<p><em>A highly seductive monovarietal from Carinyena, with a truly exceptional intensity and concentration of candied fruit aromas. It is also a red, not without a certain freshness thanks to its balsamic and mentholated touches that integrate very well with the spicy notes. Complex and intense, a very interesting proposal for those who like meaty and sweet red wines.<\/em><\/p>","protected":false},"excerpt":{"rendered":"<p>Aging in 225 liter French oak barrels for about 12 months.<\/p>","protected":false},"featured_media":340,"comment_status":"closed","ping_status":"closed","template":"","meta":{"_acf_changed":false,"_et_pb_use_builder":"","_et_pb_old_content":"","_et_gb_content_width":""},"product_brand":[],"product_cat":[72,16],"product_tag":[],"class_list":{"0":"post-110","1":"product","2":"type-product","3":"status-publish","4":"has-post-thumbnail","6":"product_cat-carinyena","7":"product_cat-vins","9":"first","10":"instock","11":"taxable","12":"shipping-taxable","13":"purchasable","14":"product-type-simple"},"acf":[],"yoast_head":"<!-- This site is optimized with the Yoast SEO plugin v27.4 - https:\/\/yoast.com\/product\/yoast-seo-wordpress\/ -->\n<title>TREMENDA 2018 &#8211; Vins del Tros<\/title>\n<meta name=\"robots\" content=\"index, follow, max-snippet:-1, max-image-preview:large, max-video-preview:-1\" \/>\n<link rel=\"canonical\" href=\"https:\/\/www.vinsdeltros.com\/en\/product\/tremenda-2018\/\" \/>\n<meta property=\"og:locale\" content=\"en_GB\" \/>\n<meta property=\"og:type\" content=\"article\" \/>\n<meta property=\"og:title\" content=\"TREMENDA 2018 &#8211; Vins del Tros\" \/>\n<meta property=\"og:description\" content=\"Crian\u00e7a en b\u00f3tes de roure franc\u00e8s de 225 litres durant uns 12 mesos.\" \/>\n<meta property=\"og:url\" content=\"https:\/\/www.vinsdeltros.com\/en\/product\/tremenda-2018\/\" \/>\n<meta property=\"og:site_name\" content=\"Vins del Tros\" \/>\n<meta property=\"article:publisher\" content=\"https:\/\/www.facebook.com\/vinsdeltros\" \/>\n<meta property=\"article:modified_time\" content=\"2024-12-02T01:04:01+00:00\" \/>\n<meta property=\"og:image\" content=\"https:\/\/www.vinsdeltros.com\/wp-content\/uploads\/2020\/04\/TREMENDA-scaled.jpg\" \/>\n\t<meta property=\"og:image:width\" content=\"1709\" \/>\n\t<meta property=\"og:image:height\" content=\"2560\" \/>\n\t<meta property=\"og:image:type\" content=\"image\/jpeg\" \/>\n<meta name=\"twitter:card\" content=\"summary_large_image\" \/>\n<meta name=\"twitter:site\" content=\"@vinsdeltros\" \/>\n<script type=\"application\/ld+json\" class=\"yoast-schema-graph\">{\"@context\":\"https:\\\/\\\/schema.org\",\"@graph\":[{\"@type\":\"WebPage\",\"@id\":\"https:\\\/\\\/www.vinsdeltros.com\\\/producte\\\/tremenda-2018\\\/\",\"url\":\"https:\\\/\\\/www.vinsdeltros.com\\\/producte\\\/tremenda-2018\\\/\",\"name\":\"TREMENDA 2018 &#8211; Vins del Tros\",\"isPartOf\":{\"@id\":\"https:\\\/\\\/www.vinsdeltros.com\\\/#website\"},\"primaryImageOfPage\":{\"@id\":\"https:\\\/\\\/www.vinsdeltros.com\\\/producte\\\/tremenda-2018\\\/#primaryimage\"},\"image\":{\"@id\":\"https:\\\/\\\/www.vinsdeltros.com\\\/producte\\\/tremenda-2018\\\/#primaryimage\"},\"thumbnailUrl\":\"https:\\\/\\\/www.vinsdeltros.com\\\/wp-content\\\/uploads\\\/2020\\\/04\\\/TREMENDA-scaled.jpg\",\"datePublished\":\"2020-04-18T12:50:45+00:00\",\"dateModified\":\"2024-12-02T01:04:01+00:00\",\"breadcrumb\":{\"@id\":\"https:\\\/\\\/www.vinsdeltros.com\\\/producte\\\/tremenda-2018\\\/#breadcrumb\"},\"inLanguage\":\"en-GB\",\"potentialAction\":[{\"@type\":\"ReadAction\",\"target\":[\"https:\\\/\\\/www.vinsdeltros.com\\\/producte\\\/tremenda-2018\\\/\"]}]},{\"@type\":\"ImageObject\",\"inLanguage\":\"en-GB\",\"@id\":\"https:\\\/\\\/www.vinsdeltros.com\\\/producte\\\/tremenda-2018\\\/#primaryimage\",\"url\":\"https:\\\/\\\/www.vinsdeltros.com\\\/wp-content\\\/uploads\\\/2020\\\/04\\\/TREMENDA-scaled.jpg\",\"contentUrl\":\"https:\\\/\\\/www.vinsdeltros.com\\\/wp-content\\\/uploads\\\/2020\\\/04\\\/TREMENDA-scaled.jpg\",\"width\":1709,\"height\":2560},{\"@type\":\"BreadcrumbList\",\"@id\":\"https:\\\/\\\/www.vinsdeltros.com\\\/producte\\\/tremenda-2018\\\/#breadcrumb\",\"itemListElement\":[{\"@type\":\"ListItem\",\"position\":1,\"name\":\"Inici\",\"item\":\"https:\\\/\\\/www.vinsdeltros.com\\\/\"},{\"@type\":\"ListItem\",\"position\":2,\"name\":\"Botiga\",\"item\":\"https:\\\/\\\/www.vinsdeltros.com\\\/botiga\\\/\"},{\"@type\":\"ListItem\",\"position\":3,\"name\":\"TREMENDA 2018\"}]},{\"@type\":\"WebSite\",\"@id\":\"https:\\\/\\\/www.vinsdeltros.com\\\/#website\",\"url\":\"https:\\\/\\\/www.vinsdeltros.com\\\/\",\"name\":\"Vins del Tros\",\"description\":\"Vins de parcel\u00b7la. Vernatxes i varietats del terreno. Vins ecol\u00f2gics, biodin\u00e0mics i vins d\u2019\u00e0mfora\",\"publisher\":{\"@id\":\"https:\\\/\\\/www.vinsdeltros.com\\\/#organization\"},\"potentialAction\":[{\"@type\":\"SearchAction\",\"target\":{\"@type\":\"EntryPoint\",\"urlTemplate\":\"https:\\\/\\\/www.vinsdeltros.com\\\/?s={search_term_string}\"},\"query-input\":{\"@type\":\"PropertyValueSpecification\",\"valueRequired\":true,\"valueName\":\"search_term_string\"}}],\"inLanguage\":\"en-GB\"},{\"@type\":\"Organization\",\"@id\":\"https:\\\/\\\/www.vinsdeltros.com\\\/#organization\",\"name\":\"Vins del Tros\",\"url\":\"https:\\\/\\\/www.vinsdeltros.com\\\/\",\"logo\":{\"@type\":\"ImageObject\",\"inLanguage\":\"en-GB\",\"@id\":\"https:\\\/\\\/www.vinsdeltros.com\\\/#\\\/schema\\\/logo\\\/image\\\/\",\"url\":\"https:\\\/\\\/www.vinsdeltros.com\\\/wp-content\\\/uploads\\\/2020\\\/05\\\/logo.jpg\",\"contentUrl\":\"https:\\\/\\\/www.vinsdeltros.com\\\/wp-content\\\/uploads\\\/2020\\\/05\\\/logo.jpg\",\"width\":733,\"height\":960,\"caption\":\"Vins del Tros\"},\"image\":{\"@id\":\"https:\\\/\\\/www.vinsdeltros.com\\\/#\\\/schema\\\/logo\\\/image\\\/\"},\"sameAs\":[\"https:\\\/\\\/www.facebook.com\\\/vinsdeltros\",\"https:\\\/\\\/x.com\\\/vinsdeltros\",\"https:\\\/\\\/www.instagram.com\\\/vinsdeltros\\\/\",\"https:\\\/\\\/www.youtube.com\\\/vinsdeltros\"]}]}<\/script>\n<!-- \/ Yoast SEO plugin. -->","yoast_head_json":{"title":"TREMENDOUS 2018 \u2013 Vins del Tros","robots":{"index":"index","follow":"follow","max-snippet":"max-snippet:-1","max-image-preview":"max-image-preview:large","max-video-preview":"max-video-preview:-1"},"canonical":"https:\/\/www.vinsdeltros.com\/en\/product\/tremenda-2018\/","og_locale":"en_GB","og_type":"article","og_title":"TREMENDA 2018 &#8211; Vins del Tros","og_description":"Crian\u00e7a en b\u00f3tes de roure franc\u00e8s de 225 litres durant uns 12 mesos.","og_url":"https:\/\/www.vinsdeltros.com\/en\/product\/tremenda-2018\/","og_site_name":"Vins del Tros","article_publisher":"https:\/\/www.facebook.com\/vinsdeltros","article_modified_time":"2024-12-02T01:04:01+00:00","og_image":[{"width":1709,"height":2560,"url":"https:\/\/www.vinsdeltros.com\/wp-content\/uploads\/2020\/04\/TREMENDA-scaled.jpg","type":"image\/jpeg"}],"twitter_card":"summary_large_image","twitter_site":"@vinsdeltros","schema":{"@context":"https:\/\/schema.org","@graph":[{"@type":"WebPage","@id":"https:\/\/www.vinsdeltros.com\/producte\/tremenda-2018\/","url":"https:\/\/www.vinsdeltros.com\/producte\/tremenda-2018\/","name":"TREMENDOUS 2018 \u2013 Vins del Tros","isPartOf":{"@id":"https:\/\/www.vinsdeltros.com\/#website"},"primaryImageOfPage":{"@id":"https:\/\/www.vinsdeltros.com\/producte\/tremenda-2018\/#primaryimage"},"image":{"@id":"https:\/\/www.vinsdeltros.com\/producte\/tremenda-2018\/#primaryimage"},"thumbnailUrl":"https:\/\/www.vinsdeltros.com\/wp-content\/uploads\/2020\/04\/TREMENDA-scaled.jpg","datePublished":"2020-04-18T12:50:45+00:00","dateModified":"2024-12-02T01:04:01+00:00","breadcrumb":{"@id":"https:\/\/www.vinsdeltros.com\/producte\/tremenda-2018\/#breadcrumb"},"inLanguage":"en-GB","potentialAction":[{"@type":"ReadAction","target":["https:\/\/www.vinsdeltros.com\/producte\/tremenda-2018\/"]}]},{"@type":"ImageObject","inLanguage":"en-GB","@id":"https:\/\/www.vinsdeltros.com\/producte\/tremenda-2018\/#primaryimage","url":"https:\/\/www.vinsdeltros.com\/wp-content\/uploads\/2020\/04\/TREMENDA-scaled.jpg","contentUrl":"https:\/\/www.vinsdeltros.com\/wp-content\/uploads\/2020\/04\/TREMENDA-scaled.jpg","width":1709,"height":2560},{"@type":"BreadcrumbList","@id":"https:\/\/www.vinsdeltros.com\/producte\/tremenda-2018\/#breadcrumb","itemListElement":[{"@type":"ListItem","position":1,"name":"Inici","item":"https:\/\/www.vinsdeltros.com\/"},{"@type":"ListItem","position":2,"name":"Botiga","item":"https:\/\/www.vinsdeltros.com\/botiga\/"},{"@type":"ListItem","position":3,"name":"TREMENDA 2018"}]},{"@type":"WebSite","@id":"https:\/\/www.vinsdeltros.com\/#website","url":"https:\/\/www.vinsdeltros.com\/","name":"Vins del Tros","description":"Plot wines. Varnaxes and varieties of the land. Organic, biodynamic wines and amphora wines","publisher":{"@id":"https:\/\/www.vinsdeltros.com\/#organization"},"potentialAction":[{"@type":"SearchAction","target":{"@type":"EntryPoint","urlTemplate":"https:\/\/www.vinsdeltros.com\/?s={search_term_string}"},"query-input":{"@type":"PropertyValueSpecification","valueRequired":true,"valueName":"search_term_string"}}],"inLanguage":"en-GB"},{"@type":"Organization","@id":"https:\/\/www.vinsdeltros.com\/#organization","name":"Vins del Tros","url":"https:\/\/www.vinsdeltros.com\/","logo":{"@type":"ImageObject","inLanguage":"en-GB","@id":"https:\/\/www.vinsdeltros.com\/#\/schema\/logo\/image\/","url":"https:\/\/www.vinsdeltros.com\/wp-content\/uploads\/2020\/05\/logo.jpg","contentUrl":"https:\/\/www.vinsdeltros.com\/wp-content\/uploads\/2020\/05\/logo.jpg","width":733,"height":960,"caption":"Vins del Tros"},"image":{"@id":"https:\/\/www.vinsdeltros.com\/#\/schema\/logo\/image\/"},"sameAs":["https:\/\/www.facebook.com\/vinsdeltros","https:\/\/x.com\/vinsdeltros","https:\/\/www.instagram.com\/vinsdeltros\/","https:\/\/www.youtube.com\/vinsdeltros"]}]}},"_links":{"self":[{"href":"https:\/\/www.vinsdeltros.com\/en\/wp-json\/wp\/v2\/product\/110","targetHints":{"allow":["GET"]}}],"collection":[{"href":"https:\/\/www.vinsdeltros.com\/en\/wp-json\/wp\/v2\/product"}],"about":[{"href":"https:\/\/www.vinsdeltros.com\/en\/wp-json\/wp\/v2\/types\/product"}],"replies":[{"embeddable":true,"href":"https:\/\/www.vinsdeltros.com\/en\/wp-json\/wp\/v2\/comments?post=110"}],"wp:featuredmedia":[{"embeddable":true,"href":"https:\/\/www.vinsdeltros.com\/en\/wp-json\/wp\/v2\/media\/340"}],"wp:attachment":[{"href":"https:\/\/www.vinsdeltros.com\/en\/wp-json\/wp\/v2\/media?parent=110"}],"wp:term":[{"taxonomy":"product_brand","embeddable":true,"href":"https:\/\/www.vinsdeltros.com\/en\/wp-json\/wp\/v2\/product_brand?post=110"},{"taxonomy":"product_cat","embeddable":true,"href":"https:\/\/www.vinsdeltros.com\/en\/wp-json\/wp\/v2\/product_cat?post=110"},{"taxonomy":"product_tag","embeddable":true,"href":"https:\/\/www.vinsdeltros.com\/en\/wp-json\/wp\/v2\/product_tag?post=110"}],"curies":[{"name":"wp","href":"https:\/\/api.w.org\/{rel}","templated":true}]}}

<!-- This site is optimized with the Yoast SEO plugin v27.4 - https://yoast.com/product/yoast-seo-wordpress/ -->
<title>TREMENDA 2018 &#8211; Vins del Tros</title>
<meta name="robots" content="index, follow, max-snippet:-1, max-image-preview:large, max-video-preview:-1" />
<link rel="canonical" href="https://www.vinsdeltros.com/en/product/tremenda-2018/" />
<meta property="og:locale" content="en_GB" />
<meta property="og:type" content="article" />
<meta property="og:title" content="TREMENDA 2018 &#8211; Vins del Tros" />
<meta property="og:description" content="Criança en bótes de roure francès de 225 litres durant uns 12 mesos." />
<meta property="og:url" content="https://www.vinsdeltros.com/en/product/tremenda-2018/" />
<meta property="og:site_name" content="Vins del Tros" />
<meta property="article:publisher" content="https://www.facebook.com/vinsdeltros" />
<meta property="article:modified_time" content="2024-12-02T01:04:01+00:00" />
<meta property="og:image" content="https://www.vinsdeltros.com/wp-content/uploads/2020/04/TREMENDA-scaled.jpg" />
	<meta property="og:image:width" content="1709" />
	<meta property="og:image:height" content="2560" />
	<meta property="og:image:type" content="image/jpeg" />
<meta name="twitter:card" content="summary_large_image" />
<meta name="twitter:site" content="@vinsdeltros" />
<script type="application/ld+json" class="yoast-schema-graph">{"@context":"https:\/\/schema.org","@graph":[{"@type":"WebPage","@id":"https:\/\/www.vinsdeltros.com\/producte\/tremenda-2018\/","url":"https:\/\/www.vinsdeltros.com\/producte\/tremenda-2018\/","name":"TREMENDA 2018 &#8211; Vins del Tros","isPartOf":{"@id":"https:\/\/www.vinsdeltros.com\/#website"},"primaryImageOfPage":{"@id":"https:\/\/www.vinsdeltros.com\/producte\/tremenda-2018\/#primaryimage"},"image":{"@id":"https:\/\/www.vinsdeltros.com\/producte\/tremenda-2018\/#primaryimage"},"thumbnailUrl":"https:\/\/www.vinsdeltros.com\/wp-content\/uploads\/2020\/04\/TREMENDA-scaled.jpg","datePublished":"2020-04-18T12:50:45+00:00","dateModified":"2024-12-02T01:04:01+00:00","breadcrumb":{"@id":"https:\/\/www.vinsdeltros.com\/producte\/tremenda-2018\/#breadcrumb"},"inLanguage":"en-GB","potentialAction":[{"@type":"ReadAction","target":["https:\/\/www.vinsdeltros.com\/producte\/tremenda-2018\/"]}]},{"@type":"ImageObject","inLanguage":"en-GB","@id":"https:\/\/www.vinsdeltros.com\/producte\/tremenda-2018\/#primaryimage","url":"https:\/\/www.vinsdeltros.com\/wp-content\/uploads\/2020\/04\/TREMENDA-scaled.jpg","contentUrl":"https:\/\/www.vinsdeltros.com\/wp-content\/uploads\/2020\/04\/TREMENDA-scaled.jpg","width":1709,"height":2560},{"@type":"BreadcrumbList","@id":"https:\/\/www.vinsdeltros.com\/producte\/tremenda-2018\/#breadcrumb","itemListElement":[{"@type":"ListItem","position":1,"name":"Inici","item":"https:\/\/www.vinsdeltros.com\/"},{"@type":"ListItem","position":2,"name":"Botiga","item":"https:\/\/www.vinsdeltros.com\/botiga\/"},{"@type":"ListItem","position":3,"name":"TREMENDA 2018"}]},{"@type":"WebSite","@id":"https:\/\/www.vinsdeltros.com\/#website","url":"https:\/\/www.vinsdeltros.com\/","name":"Vins del Tros","description":"Vins de parcel·la. Vernatxes i varietats del terreno. Vins ecològics, biodinàmics i vins d’àmfora","publisher":{"@id":"https:\/\/www.vinsdeltros.com\/#organization"},"potentialAction":[{"@type":"SearchAction","target":{"@type":"EntryPoint","urlTemplate":"https:\/\/www.vinsdeltros.com\/?s={search_term_string}"},"query-input":{"@type":"PropertyValueSpecification","valueRequired":true,"valueName":"search_term_string"}}],"inLanguage":"en-GB"},{"@type":"Organization","@id":"https:\/\/www.vinsdeltros.com\/#organization","name":"Vins del Tros","url":"https:\/\/www.vinsdeltros.com\/","logo":{"@type":"ImageObject","inLanguage":"en-GB","@id":"https:\/\/www.vinsdeltros.com\/#\/schema\/logo\/image\/","url":"https:\/\/www.vinsdeltros.com\/wp-content\/uploads\/2020\/05\/logo.jpg","contentUrl":"https:\/\/www.vinsdeltros.com\/wp-content\/uploads\/2020\/05\/logo.jpg","width":733,"height":960,"caption":"Vins del Tros"},"image":{"@id":"https:\/\/www.vinsdeltros.com\/#\/schema\/logo\/image\/"},"sameAs":["https:\/\/www.facebook.com\/vinsdeltros","https:\/\/x.com\/vinsdeltros","https:\/\/www.instagram.com\/vinsdeltros\/","https:\/\/www.youtube.com\/vinsdeltros"]}]}</script>
<!-- / Yoast SEO plugin. -->

Criança en bótes de roure francès de 225 litres durant uns 12 mesos.
